d is divided by z?
12
Let d(b) = -5*b + 4. Let c(j) = j**2 + 14*j + 15. Let s be c(-13). Suppose 0 = -3*o + s*o - 4, 4*o + 20 = n. Calculate the remainder when d(-2) is divided by n.
2
Let n be 102*(-5 + 4) + -3. Let t = -73 - n. What is the remainder when t is divided by 9?
5
Let a(l) = 2*l**3 + 19*l**2 + 30*l + 21. What is the remainder when 401 is divided by a(-7)?
9
Let m = 709 - 99. Calculate the remainder when m is divided by 121.
5
Let r(k) = 2*k**2 - 6*k + 6. What is the remainder when r(-4) is divided by (120/32)/(6/8)?
2
Let v = 75 - 70. Calculate the remainder when ((-16)/v)/(93/(-30) - -3) is divided by 11.
10
Suppose 21*k = 25*k - 100. What is the remainder when k is divided by 12?
1
What is the remainder when 225 is divided by -6 - (7 - 31 - (0 - -5))?
18
Let v(p) = -p**3 + 5*p**2 + 7*p + 3. Let r be v(6). Let k = -197 + 212. Calculate the remainder when k is divided by (-3 + 4)/(1/r).
6
Let f be 33/22*(-8)/(-6). Suppose 2*x - 32 = f. What is the remainder when x is divided by 5?
2
Suppose -k - 7 = 4*k - 4*g, -k + 3*g + 3 = 0. Let d = k - -3. Suppose -w + 4 + 2 = d. Calculate the remainder when w is divided by 4.
2
Let z = -35 - -7. Let o = 33 + z. Suppose -o*k = 8 - 43. Calculate the remainder when k is divided by 4.
3
Suppose 4*k - 210 = k. Calculate the remainder when 239 is divided by k.
29
Suppose 5*c + 56 - 176 = 0. Suppose 0 = -4*t + 2*n + 60, t - 7 - 1 = -3*n. What is the remainder when c is divided by t?
10
Let f(p) = 2*p**3 - p**2 - p - 3. Let u be 0/(-4 - -5 - 3). Let k be 2 - u*4/(-12). What is the remainder when f(k) is divided by 2?
1
What is the remainder when 71 is divided by 2/10 + (-3234)/(-105)?
9
Let q = 14 - 26. Let o be (-16)/q*3 + 3. Suppose -o*k + 4*k + 33 = 0. What is the remainder when k is divided by 7?
4
Let g(s) = -3*s**3 - 34*s**2 - 29*s - 24. Calculate the remainder when g(-11) is divided by 35.
34
Suppose -77*n - 2 = -78*n. Let h(u) = 9*u**2 - u. What is the remainder when h(n) is divided by 9?
7
Let t = 364 + -337. What is the remainder when t is divided by 11?
5
Let r = 1059 + -913. Calculate the remainder when r is divided by 48.
2
What is the remainder when (1 + (-69)/(-21))*14 is divided by 22?
16
Let x be (-354)/(-10) + 1/(-10)*-6. Suppose -3*q = -0*q - x. Calculate the remainder when 35 is divided by q.
11
Suppose 3*w = 4*b + 245, 3*w - 247 = b + 4*b. What is the remainder when w is divided by 28?
23
Let x(o) = o**2 + 20*o + 72. Calculate the remainder when 285 is divided by x(-4).
5
Let j(v) = v**2 + 3*v + 1. Calculate the remainder when (-300)/(-180) + 1/3 - -15 is divided by j(-5).
6
Let t = 426 - 302. Suppose 52*i = 36*i + 336. Calculate the remainder when t is divided by i.
19
Suppose -2*w - 38 = 42. Calculate the remainder when 29 is divided by 2/5 + -2*292/w.
14
Suppose -65 = -5*d + 35. Calculate the remainder when d is divided by ((-735)/(-180) + -5)*-12.
9
Let s(r) = -r**2 + 12*r + 10. Let z be s(12). Let x = z - -10. Calculate the remainder when 57 is divided by x.
17
Let v = 99 - 28. Calculate the remainder when v is divided by 2/3 + (-109)/(-3).
34
Let n(v) = 5 + 8 - 2*v**2 - v**2 - v**3 + 1 + 6*v. Suppose -a + 165 = 4*a. Calculate the remainder when a is divided by n(-4).
3
Suppose 2*a + 4*k - 2 = a, -4*a - k + 53 = 0. What is the remainder when 74 is divided by a?
4
Let y = -952 + 1038. Calculate the remainder when y is divided by 36.
14
Let x(m) = -m**3 + 5*m**2 + 2*m - 5. Let g be -1*(20/(-1))/4. What is the remainder when 19 is divided by x(g)?
4
Let i = -47 + 78. Suppose 0*t + 20 = 5*t. Calculate the remainder when i is divided by -4*(-1)/t*17.
14
Suppose -4*g + 9*g = 15. Let q = -51 + 33. Let j = 28 + q. What is the remainder when j is divided by g?
1
Suppose 5*f = 2*f + 39. Let w be (1 - -18)*(f - -1). Let t = w + -139. What is the remainder when t is divided by 26?
23
Suppose -5*m + 11*f = 7*f - 417, -164 = -2*m + 3*f. Let v(d) = -11*d - 3. Calculate the remainder when m is divided by v(-2).
9
Let n be 4/(-6) + 1040/48. Suppose -8 + 168 = 5*u. What is the remainder when u is divided by (-261)/(-21) - 9/n?
8
Suppose 5*h + 0*h - 60 = 0. Suppose 0 = 4*k - h - 32. Let w(v) = v - 3. What is the remainder when 20 is divided by w(k)?
4
Let g(q) = -q**2 - 10*q + 3. Let k be g(-10). Suppose 364 = k*j + j. Suppose -p - 139 = -3*i - 5, -2*i = p - j. What is the remainder when i is divided by 12?
9
Suppose 2*y - n = 40, 2 + 38 = 2*y + n. What is the remainder when 68 is divided by y?
8
Let r(o) = -o**2 - 9*o - 6. Let x be r(-7). Suppose -x = 3*m - 77. Let h = 62 - m. What is the remainder when h is divided by 14?
11
Let q = 1451 - 933. What is the remainder when q is divided by 18?
14
Let n(v) be the first derivative of v**3/3 - 5*v**2/2 - 7*v - 13. Let h(m) = -m**2 - 9*m - 7. Calculate the remainder when h(-6) is divided by n(7).
4
Let h = 18 + -14. Suppose -b - 2*v = -14, -2*b + 0*v + 4*v = -28. Calculate the remainder when b is divided by h.
2
Suppose 24*x + 2100 = 54*x. What is the remainder when x is divided by 68?
2
Let a(k) = k**2 - 6*k + 6. What is the remainder when a(-7) is divided by 11?
9
Suppose 5*v + 4*x - 2164 - 1186 = 0, 2*v + 4*x - 1328 = 0. What is the remainder when v is divided by 25?
24
Calculate the remainder when (-3 + 44/12)/(12/6246) is divided by 14.
11
Suppose 6*z = 3*z + 18. Suppose 15 = 5*x + g, -4*x + 2*g - 4*g = -z. Suppose 20 = x*r - 20. What is the remainder when 37 is divided by r?
7
Let q = 215 + -176. Calculate the remainder when 116 is divided by q.
38
Let j = 357 - 338. Calculate the remainder when j is divided by 8.
3
Calculate the remainder when (18/15)/(0 - (-21)/595) is divided by 30.
4
Let i(g) be the first derivative of -g**2 + 2*g - 1. Let d = -51 + 48. What is the remainder when 14 is divided by i(d)?
6
Suppose 21*k - 645 = -141. Calculate the remainder when 58 is divided by k.
10
Suppose 23*z = -397 + 1938. Calculate the remainder when 120 is divided by z.
53
Suppose 4*o - 9 = 3. Suppose 2*j + 4*p = -3*j - 213, -o*j - 5*p - 120 = 0. Let x = j - -63. What is the remainder when 52 is divided by x?
16
Let d(m) = m**2 + 10*m + 41. What is the remainder when 443 is divided by d(-9)?
27
Suppose -2 + 0 = -a. Suppose -4*s - x = 7 - a, 0 = 2*s + x + 1. What is the remainder when (12 - s) + 4/1 is divided by 7?
4
Suppose -18*z - 5*u + 67 = -15*z, 0 = u + 1. What is the remainder when 646 is divided by z?
22
What is the remainder when 128 is divided by 78/(-9)*(-90)/60?
11
Suppose 6*o - u + 3 = 3*o, 0 = 2*o + 5*u - 15. Calculate the remainder when (o + 3)*(-1 + (-33)/(-3)) is divided by 8.
6
Let t = 74 - 43. Suppose 0 = 4*x - 4*o - 364, 11*x - 4*o = 12*x - 76. Calculate the remainder when x is divided by t.
26
Suppose -175 = -7*i + 2*i. Let x = -26 + i. What is the remainder when (-8)/36 - 137/(-9) is divided by x?
6
Suppose -4*s + 455 = -557. What is the remainder when s is divided by 26?
19
Let g = -30 - -28. What is the remainder when 47 is divided by 2/(g/5)*-3 + -3?
11
Let s(i) = -i**3 - 4*i**2 + 2. Let b be s(-4). Suppose -b*z - 4*q = 7 - 45, -z = -q - 16. What is the remainder when 48 is divided by z?
14
Let d = -186 - -307. Let u(s) = -s**2 - 12*s + 4. Suppose -2*l - 2 = 16. Calculate the remainder when d is divided by u(l).
28
Calculate the remainder when 64 is divided by 864/378 - (-10)/14.
1
Let t be (-3 - (-2 + 0)) + (-2 - -1). What is the remainder when 32 is divided by 3/(-2) - t/(24/162)?
8
Suppose -4*w = w. Suppose w*m - 3*m + 24 = 0. Suppose 0 = -q - 3*v + 15, -2*v + 0*v = -3*q + 45. What is the remainder when q is divided by m?
7
Let x(k) = 3*k - 18. Let n be x(6). Suppose g - 3*v - 8 - 4 = n, 0 = -5*g - 5*v + 20. What is the remainder when g is divided by 2?
0
Suppose k - 3*n = 1217, -4*n - 2222 = -2*k + 202. Calculate the remainder when k is divided by 134.
130
What is the remainder when (-8 + 264/7)*(-42)/(-12) is divided by 57?
47
Let k = 16 + -17. Let m be -4 - -1 - (-12 - k). Suppose 3*z + m = -1, 5*q - 2*z = 246. What is the remainder when q is divided by 25?
23
Let u(l) = -15*l - 10. Let w(y) = -7*y - 5. Let z(j) = 3*u(j) - 5*w(j). Let q(b) = -2*b + 5. Let t be q(4). What is the remainder when z(t) is divided by 9?
7
Let z = 7 - -19. What is the remainder when 128 is divided by z?
24
Let k(n) = n**3 - 14*n**2 - 17*n 